s of 1277118638?
2, 691, 924109
What are the prime factors of 6386531049?
3, 17, 23, 604957
What are the prime factors of 783165388?
2, 195791347
What are the prime factors of 1329750570?
2, 3, 5, 44325019
What are the prime factors of 145886506?
2, 72943253
List the prime factors of 5633269630.
2, 5, 557, 1011359
List the prime factors of 1021966472.
2, 331, 385939
List the prime factors of 1138253792.
2, 13, 37, 73951
What are the prime factors of 911530730?
2, 5, 11, 1523, 5441
List the prime factors of 56750645.
5, 7, 233, 6959
What are the prime factors of 53676843?
3, 11, 19, 59, 1451
List the prime factors of 2350679846.
2, 487, 2413429
What are the prime factors of 2900902137?
3, 7, 138138197
List the prime factors of 1556115828.
2, 3, 53, 109, 22447
List the prime factors of 3357857899.
11, 383, 2081
What are the prime factors of 2083393724?
2, 17, 1049, 29207
List the prime factors of 831086083.
79, 10520077
What are the prime factors of 592974773?
17, 43, 811183
What are the prime factors of 3074707427?
11, 971, 287867
List the prime factors of 49888666.
2, 24944333
What are the prime factors of 649615062?
2, 3, 719, 150583
List the prime factors of 495544766.
2, 389, 636947
List the prime factors of 307702584.
2, 3, 7, 17, 11971
What are the prime factors of 2540880402?
2, 3, 89, 1901, 2503
List the prime factors of 8070535.
5, 11, 19, 7723
What are the prime factors of 24711457?
19, 727, 1789
What are the prime factors of 121221463?
11, 19, 523, 1109
What are the prime factors of 1727220395?
5, 345444079
List the prime factors of 155849148.
2, 3, 7, 13, 113, 421
What are the prime factors of 43993691?
7, 461, 13633
What are the prime factors of 2068517868?
2, 3, 172376489
List the prime factors of 7245435738.
2, 3, 163, 211, 35111
What are the prime factors of 107949014?
2, 17, 186763
What are the prime factors of 51161710?
2, 5, 5116171
List the prime factors of 164674865.
5, 32934973
What are the prime factors of 15233955?
3, 5, 11, 17, 5431
List the prime factors of 24054750.
2, 3, 5, 10691
List the prime factors of 4172369933.
53, 78723961
List the prime factors of 2423259937.
7, 331, 607, 1723
List the prime factors of 37918249.
2333, 16253
What are the prime factors of 3597789901?
223, 677, 23831
What are the prime factors of 257783066?
2, 467, 275999
What are the prime factors of 185896340?
2, 5, 7, 1327831
What are the prime factors of 606054225?
3, 5, 7, 71, 229
What are the prime factors of 42448156?
2, 23, 461393
List the prime factors of 107617335.
3, 5, 7, 109, 9403
What are the prime factors of 5384926207?
31, 83, 2092859
What are the prime factors of 281706452?
2, 70426613
What are the prime factors of 91154848?
2, 2848589
List the prime factors of 1080939905.
5, 216187981
What are the prime factors of 33758733?
3, 23, 489257
List the prime factors of 108198667.
108198667
List the prime factors of 724427430.
2, 3, 5, 193, 125117
List the prime factors of 20463790.
2, 5, 23, 193, 461
What are the prime factors of 5714960103?
3, 83, 850061
What are the prime factors of 45830517?
3, 557, 27427
What are the prime factors of 224975703?
3, 74991901
List the prime factors of 96059007.
3, 11, 281, 1151
List the prime factors of 60462933.
3, 20154311
What are the prime factors of 150940912?
2, 2503, 3769
What are the prime factors of 5604490?
2, 5, 31, 101, 179
List the prime factors of 30245279.
97, 311807
What are the prime factors of 9610319?
9610319
What are the prime factors of 221085246?
2, 3, 23, 1602067
What are the prime factors of 92238365?
5, 18447673
List the prime factors of 66989582.
2, 11, 1091, 2791
What are the prime factors of 238651662?
2, 3, 331, 120167
List the prime factors of 288020783.
17, 31, 521, 1049
List the prime factors of 3233708638.
2, 2477, 652747
What are the prime factors of 73191944?
2, 7, 641, 2039
List the prime factors of 464585043.
3, 13, 223, 53419
List the prime factors of 37355691.
3, 19, 43, 15241
List the prime factors of 2470327400.
2, 5, 659, 18743
List the prime factors of 111138067.
111138067
What are the prime factors of 332797254?
2, 3, 191, 290399
What are the prime factors of 174567102?
2, 3, 23, 1264979
List the prime factors of 314012241.
3, 1109, 10487
List the prime factors of 62605878.
2, 3, 139, 271, 277
What are the prime factors of 3491688912?
2, 3, 59, 1232941
List the prime factors of 731625926.
2, 365812963
What are the prime factors of 39787973?
17, 31, 103, 733
List the prime factors of 35773127.
13, 2751779
What are the prime factors of 536979013?
199, 2698387
List the prime factors of 43414188.
2, 3, 61, 127, 467
What are the prime factors of 390375666?
2, 3, 2371, 3049
What are the prime factors of 438492786?
2, 3, 41, 317, 5623
What are the prime factors of 56050949?
4483, 12503
What are the prime factors of 149071895?
5, 7, 17, 199, 1259
What are the prime factors of 55506194?
2, 27753097
What are the prime factors of 59714010?
2, 3, 5, 73721
List the prime factors of 389738382.
2, 3, 11, 47, 125641
List the prime factors of 232362390.
2, 3, 5, 13, 595801
List the prime factors of 133978427.
11, 23, 433, 1223
List the prime factors of 278034229.
11, 241, 104879
What are the prime factors of 530365048?
2, 17, 113, 34511
What are the prime factors of 25194631?
7, 11, 327203
What are the prime factors of 106222448?
2, 6638903
What are the prime factors of 204547037?
79, 2589203
List the prime factors of 1849965863.
1849965863
What are the prime factors of 170763380?
2, 5, 1123, 7603
What are the prime factors of 135901746?
2, 3, 457, 5507
List the prime factors of 6731731.
109, 151, 409
What are the prime factors of 2204761257?
3, 53, 73, 63317
What are the prime factors of 668715007?
67, 449, 22229
List the prime factors of 1917258089.
1917258089
List the prime factors of 1617097403.
1617097403
List the prime factors of 7215583.
23, 313721
List the prime factors of 173150184.
2, 3, 29, 248779
What are the prime factors of 25061052?
2, 3, 2088421
List the prime factors of 2073319003.
7, 43, 6888103
List the prime factors of 2357065877.
383, 487, 12637
List the prime factors of 29396010.
2, 3, 5, 7, 139981
List the prime factors of 3276176595.
3, 5, 47, 307, 15137
What are the prime factors of 1640483994?
2, 3, 273413999
List the prime factors of 112610150.
2, 5, 19, 113, 1049
What are the prime factors of 3270653925?
3, 5, 7, 11, 566347
What are the prime factors of 1898612689?
73, 26008393
List the prime factors of 276042040.
2, 5, 397, 17383
List the prime factors of 109604150.
2, 5, 173, 12671
List the prime factors of 18475037.
7, 2639291
List the prime factors of 1102395359.
13, 23, 3686941
What are the prime factors of 226413925?
5, 31, 292147
List the prime factors of 242322129.
3, 7, 101, 38083
List the prime factors of 557107852.
2, 7, 127, 22381
What are the prime factors of 1946278753?
269, 7235237
What are the prime factors of 166791866?
2, 83395933
What are the prime factors of 126177233?
7, 13, 19, 72977
List the prime factors of 1945861457.
34381, 56597
List the prime factors of 52607944.
2, 6575993
List the prime factors of 18349195.
5, 3669839
What are the prime factors of 106200209?
41, 2590249
What are the prime factors of 4468635?
3, 5, 79, 419
What are the prime factors of 52295929?
7, 107, 69821
What are the prime factors of 52250409?
3, 83, 113, 619
What are the prime factors of 104703891?
3, 29, 1203493
What are the prime factors of 5460045497?
36877, 148061
What are the prime factors of 773188539?
3, 23, 53, 211427
List the prime factors of 650724051.
3, 216908017
List the prime factors of 2517649219.
2517649219
List the prime factors of 380241124.
2, 131, 241, 3011
List the prime factors of 171986246.
2, 17, 5058419
List the prime factors of 20953438.
2, 11, 952429
What are the prime factors of 50531914?
2, 73, 283, 1223
What are the prime factors of 475436178?
2, 3, 7, 17, 173, 1283
What are the prime factors of 262147591?
2657, 98663
List the prime factors of 450399803.
7, 1699, 37871
What are the prime factors of 266682419?
59, 137, 32993
What are the prime factors of 19486088?
2, 557, 4373
List the prime factors of 2346348181.
31, 607, 124693
List the prime factors of 3425032438.
2, 10799, 158581
List the prime factors of 2